5
What is the tens digit of 330?
3
What is the hundreds digit of 3429?
4
What is the units digit of 2787?
7
What is the hundreds digit of 19993?
9
What is the tens digit of 2141?
4
What is the thousands digit of 1637?
1
What is the hundreds digit of 6383?
3
What is the thousands digit of 9133?
9
What is the thousands digit of 1720?
1
What is the ten thousands digit of 36175?
3
What is the hundreds digit of 3029?
0
What is the hundreds digit of 41978?
9
What is the units digit of 1145?
5
What is the hundreds digit of 1078?
0
What is the tens digit of 77069?
6
What is the tens digit of 8659?
5
What is the hundreds digit of 43445?
4
What is the hundreds digit of 2984?
9
What is the thousands digit of 8271?
8
What is the hundreds digit of 621?
6
What is the units digit of 11754?
4
What is the units digit of 48141?
1
What is the hundred thousands digit of 128446?
1
What is the tens digit of 3306?
0
What is the units digit of 24?
4
What is the units digit of 1882?
2
What is the tens digit of 4099?
9
What is the thousands digit of 2262?
2
What is the units digit of 18620?
0
What is the thousands digit of 1802?
1
What is the units digit of 1741?
1
What is the hundreds digit of 9884?
8
What is the units digit of 992?
2
What is the tens digit of 1198?
9
What is the units digit of 2119?
9
What is the tens digit of 19162?
6
What is the units digit of 1015?
5
What is the units digit of 14474?
4
What is the units digit of 849?
9
What is the ten thousands digit of 14334?
1
What is the thousands digit of 2026?
2
What is the hundreds digit of 2362?
3
What is the thousands digit of 2384?
2
What is the thousands digit of 14694?
4
What is the thousands digit of 2173?
2
What is the hundreds digit of 13607?
6
What is the hundreds digit of 44125?
1
What is the thousands digit of 4363?
4
What is the thousands digit of 2104?
2
What is the thousands digit of 158836?
8
What is the hundreds digit of 13671?
6
What is the thousands digit of 2639?
2
What is the tens digit of 3908?
0
What is the thousands digit of 1424?
1
What is the tens digit of 42220?
2
What is the tens digit of 1753?
5
What is the tens digit of 596?
9
What is the tens digit of 395?
9
What is the units digit of 951?
1
What is the units digit of 7893?
3
What is the units digit of 31512?
2
What is the hundreds digit of 369?
3
What is the units digit of 1717?
7
What is the hundreds digit of 3154?
1
What is the tens digit of 1627?
2
What is the thousands digit of 3177?
3
What is the thousands digit of 59253?
9
What is the tens digit of 192789?
8
What is the hundreds digit of 5352?
3
What is the thousands digit of 8746?
8
What is the hundreds digit of 5050?
0
What is the thousands digit of 23883?
3
What is the ten thousands digit of 13712?
1
What is the hundreds digit of 125238?
2
What is the tens digit of 1176?
7
What is the hundreds digit of 14480?
4
What is the units digit of 608?
8
What is the tens digit of 2048?
4
What is the thousands digit of 1044?
1
What is the hundreds digit of 59217?
2
What is the thousands digit of 136661?
6
What is the thousands digit of 5811?
5
What is the thousands digit of 108887?
8
What is the units digit of 251?
1
What is the tens digit of 9056?
5
What is the hundreds digit of 1165?
1
What is the units digit of 3120?
0
What is the units digit of 284?
4
What is the hundreds digit of 1821?
8
What is the thousands digit of 10008?
0
What is the thousands digit of 28987?
8
What is the hundreds digit of 498?
4
What is the hundreds digit of 16519?
5
What is the hundreds digit of 1177?
1
What is the units digit of 512?
2
What is the units digit of 113300?
0
What is the ten thousands digit of 46962?
4
What is the units digit of 22744?
4
What is the thousands digit of 1381?
1
What is the tens digit of 1348?
4
What is the tens digit of 607?
0
What is the thousands digit of 4446?
4
What is the units digit of 749?
9
What is the hundreds digit of 15881?
8
What is the hundreds digit of 12943?
9
What is the units digit of 7799?
9
What is the units digit of 29204?
4
What is the ten thousands digit of 33538?
3
What is the units digit of 1399?
9
What is the thousands digit of 208555?
8
What is the thousands digit of 2505?
2
What is the tens digit of 24114?
1
What is the units digit of 491?
1
What is the thousands digit of 105787?
5
What is the thousands digit of 6655?
6
What is the tens digit of 9282?
8
What is the hundreds digit of 58641?
6
What is the thousands digit of 16686?
6
What is the tens digit of 6221?
2
What is the hundreds digit of 1069?
0
What is the hundreds digit of 115?
1
What is the tens digit of 3548?
4
What is the tens digit of 1429?
2
What is the thousands digit of 12231?
2
What is the ten thousands digit of 55186?
5
What is the units digit of 85690?
0
What is the hundreds digit of 1307?
3
What is the hundreds digit of 917?
9
What is the hundreds digit of 1197?
1
What is the ten thousands digit of 44568?
4
What is the ten thousands digit of 23742?
2
What is the tens digit of 930?
3
What is the units digit of 9594?
4
What is the tens digit of 3483?
8
What is the ten thousands digit of 28840?
2
What is the units digit of 425?
5
What is the thousands digit of 1590?
1
What is the thousands digit of 1788?
1
What is the thousands digit of 4602?
4
What is the hundreds digit of 8925?
9
What is the tens digit of 15200?
0
What is the hundreds digit of 370?
3
What is the tens digit of 224?
2
What is the tens digit of 8738?
3
What is the hundreds digit of 7587?
5
What is the units digit of 6458?
8
What is the ten thousands digit of 36616?
3
What is the units digit of 2830?
0
What is the hundreds digit of 161?
1
What is the hundreds digit of 9057?
0
What is the thousands digit of 66509?
6
What is the hundreds digit of 1960?
9
What is the units digit of 4648?
8
What is the tens digit of 9633?
3
What is the thousands digit of 28669?
8
What is the units digit of 5987?
7
What is the thousands digit of 35289?
5
What is the tens digit of 843?
4
What is the units digit of 7058?
8
What is the tens digit of 2648?
4
What is the units digit of 63?
3
What is the tens digit of 2952?
5
What is the units digit of 1444?
4
What is the thousands digit of 45758?
5
What is the thousands digit of 4218?
4
What is the ten thousands digit of 11588?
1
What is the ten thousands digit of 18863?
1
What is the hundreds digit of 4486?
4
What is the tens digit of 1050?
5
What is the hundreds digit of 2232?
2
What is the hundreds digit of 42861?
8
What is the hundreds digit of 209?
2
What is the hundreds digit of 15058?
0
What is the units digit of 1145?
5
What is the units digit of 6062?
2
What is the thousands digit of 1361?
1
What is the ten thousands digit of 92133?
9
What is the thousands digit of 3746?
3
What is the thousands digit of 19399?
9
What is the hundreds digit of 11344?
3
What is the thousands digit of 3483?
3
What is the tens digit of 8497?
9
What is the tens digit of 4504?
0
What is the tens digit of 30969?
6
What is the hundreds digit of 26491?
4
What is the tens digit of 9417?
1
What is the units digit of 818?
8
What is the ten thousands digit of 22351?
2
What is the units digit of 3955?
5
What is the thousands digit of 45244?
5
What is the units digit of 1746?
6
What is the ten thousands digit of 32253?
3
What is the hundreds digit of 600?
6
What is the ten thousands digit of 26177?
2
What is the hundreds digit of 2438?
4
What is the hundreds digit of 7179?
1
What is the units digit of 1755?
5
What is the thousands digit of 24406?
4
What is the thousands digit of 1360?
1
What is the thousands digit of 6033?
6
What is the tens digit of 1678?
7
What is the tens digit of 93?
9
What is the tens digit of 4452?
5
What is the units digit of 43?
3
What is the tens digit of 4036?
3
What is the thousands digit of 35393?
5
What is the hundreds digit of 420?
4
What is the hundreds digit of 39307?
3
What is the thousands digit of 139152?
9
What is the units digit of 64092?
2
What is the units digit of 1595?
5
What is the hundreds digit of 5645?
6
What is the hundreds digit of 2206?
2
What is the units digit of 2333?
3
What is the hundreds digit of 3815?
8
What is the tens digit of 678?
7
What is the tens digit of 986?
8
What is the units digit of 19012?
2
What is the hundreds digit of 5719?
7
What is the te